{"id":645,"date":"2024-04-01T14:13:14","date_gmt":"2024-04-01T14:13:14","guid":{"rendered":"https:\/\/aguaribay.edu.ar\/escuela\/?page_id=645"},"modified":"2024-08-01T13:40:32","modified_gmt":"2024-08-01T13:40:32","slug":"blog","status":"publish","type":"page","link":"https:\/\/aguaribay.edu.ar\/escuela\/blog\/","title":{"rendered":"Blog"},"content":{"rendered":"\t\t<div data-elementor-type=\"wp-page\" data-elementor-id=\"645\" class=\"elementor elementor-645\" data-elementor-post-type=\"page\">\n\t\t\t\t<div class=\"elementor-element elementor-element-e11ce14 e-flex e-con-boxed e-con e-parent\" data-id=\"e11ce14\" data-element_type=\"container\" data-e-type=\"container\" data-settings=\"{&quot;background_background&quot;:&quot;classic&quot;}\">\n\t\t\t\t\t<div class=\"e-con-inner\">\n\t\t<div class=\"elementor-element elementor-element-4c49a9c e-flex e-con-boxed e-con e-child\" data-id=\"4c49a9c\" data-element_type=\"container\" data-e-type=\"container\">\n\t\t\t\t\t<div class=\"e-con-inner\">\n\t\t\t\t<div class=\"elementor-element elementor-element-32c5c33 elementor-widget elementor-widget-heading\" data-id=\"32c5c33\" data-element_type=\"widget\" data-e-type=\"widget\" data-widget_type=\"heading.default\">\n\t\t\t\t<div class=\"elementor-widget-container\">\n\t\t\t\t\t<h1 class=\"elementor-heading-title elementor-size-default\">blog<\/h1>\t\t\t\t<\/div>\n\t\t\t\t<\/div>\n\t\t\t\t\t<\/div>\n\t\t\t\t<\/div>\n\t\t\t\t\t<\/div>\n\t\t\t\t<\/div>\n\t\t<div class=\"elementor-element elementor-element-209a592 e-flex e-con-boxed e-con e-parent\" data-id=\"209a592\" data-element_type=\"container\" data-e-type=\"container\">\n\t\t\t\t\t<div class=\"e-con-inner\">\n\t\t<div class=\"elementor-element elementor-element-7f4bd26 e-flex e-con-boxed e-con e-child\" data-id=\"7f4bd26\" data-element_type=\"container\" data-e-type=\"container\">\n\t\t\t\t\t<div class=\"e-con-inner\">\n\t\t\t\t<div class=\"elementor-element elementor-element-93ea6a3 elementor-grid-3 elementor-grid-tablet-2 elementor-grid-mobile-1 elementor-posts--thumbnail-top elementor-card-shadow-yes elementor-posts__hover-gradient elementor-widget elementor-widget-posts\" data-id=\"93ea6a3\" data-element_type=\"widget\" data-e-type=\"widget\" data-settings=\"{&quot;cards_columns&quot;:&quot;3&quot;,&quot;cards_columns_tablet&quot;:&quot;2&quot;,&quot;cards_columns_mobile&quot;:&quot;1&quot;,&quot;cards_row_gap&quot;:{&quot;unit&quot;:&quot;px&quot;,&quot;size&quot;:35,&quot;sizes&quot;:[]},&quot;cards_row_gap_tablet&quot;:{&quot;unit&quot;:&quot;px&quot;,&quot;size&quot;:&quot;&quot;,&quot;sizes&quot;:[]},&quot;cards_row_gap_mobile&quot;:{&quot;unit&quot;:&quot;px&quot;,&quot;size&quot;:&quot;&quot;,&quot;sizes&quot;:[]}}\" data-widget_type=\"posts.cards\">\n\t\t\t\t<div class=\"elementor-widget-container\">\n\t\t\t\t\t\t\t<div class=\"elementor-posts-container elementor-posts elementor-posts--skin-cards elementor-grid\" role=\"list\">\n\t\t\t\t<article class=\"elementor-post elementor-grid-item post-1217 post type-post status-publish format-standard has-post-thumbnail hentry category-sin-categoria\" role=\"listitem\">\n\t\t\t<div class=\"elementor-post__card\">\n\t\t\t\t<a class=\"elementor-post__thumbnail__link\" href=\"https:\/\/aguaribay.edu.ar\/escuela\/mirar-el-camino\/\" tabindex=\"-1\" ><div class=\"elementor-post__thumbnail\"><img fetchpriority=\"high\" decoding=\"async\" width=\"300\" height=\"218\" src=\"https:\/\/aguaribay.edu.ar\/escuela\/wp-content\/uploads\/2024\/08\/WhatsApp-Image-2025-03-14-at-16.15.43777-300x218.jpg\" class=\"attachment-medium size-medium wp-image-1233\" alt=\"\" srcset=\"https:\/\/aguaribay.edu.ar\/escuela\/wp-content\/uploads\/2024\/08\/WhatsApp-Image-2025-03-14-at-16.15.43777-300x218.jpg 300w, https:\/\/aguaribay.edu.ar\/escuela\/wp-content\/uploads\/2024\/08\/WhatsApp-Image-2025-03-14-at-16.15.43777.jpg 576w\" sizes=\"(max-width: 300px) 100vw, 300px\" \/><\/div><\/a>\n\t\t\t\t<div class=\"elementor-post__text\">\n\t\t\t\t<h3 class=\"elementor-post__title\">\n\t\t\t<a href=\"https:\/\/aguaribay.edu.ar\/escuela\/mirar-el-camino\/\" >\n\t\t\t\tMirar el camino\t\t\t<\/a>\n\t\t<\/h3>\n\t\t\t\t<div class=\"elementor-post__excerpt\">\n\t\t\t<p>Invitamos a Patricia Yonzo, a quien tuvimos el privilegio de tener como directora en el per\u00edodo 2018-2022 para que nos cuente c\u00f3mo fue la historia que la hizo llegar a nuestra amada Escuela Aguaribay.<br \/>\nSu huella imborrable en las ni\u00f1eces y familias a las que toc\u00f3 con su coraz\u00f3n junto a sus semillas de fuerza, sost\u00e9n y amor incondicional que siempre nos guiar\u00e1n hacia una \u00a1Larga vida Aguaribay!<\/p>\n\t\t<\/div>\n\t\t\n\t\t<a class=\"elementor-post__read-more\" href=\"https:\/\/aguaribay.edu.ar\/escuela\/mirar-el-camino\/\" aria-label=\"Read more about Mirar el camino\" tabindex=\"-1\" >\n\t\t\tLeer m\u00e1s \u00bb\t\t<\/a>\n\n\t\t\t\t<\/div>\n\t\t\t\t<div class=\"elementor-post__meta-data\">\n\t\t\t\t\t<span class=\"elementor-post-date\">\n\t\t\t14 marzo, 2025\t\t<\/span>\n\t\t\t\t<span class=\"elementor-post-avatar\">\n\t\t\t2 comentarios\t\t<\/span>\n\t\t\t\t<\/div>\n\t\t\t\t\t<\/div>\n\t\t<\/article>\n\t\t\t\t<article class=\"elementor-post elementor-grid-item post-1059 post type-post status-publish format-standard has-post-thumbnail hentry category-sin-categoria\" role=\"listitem\">\n\t\t\t<div class=\"elementor-post__card\">\n\t\t\t\t<a class=\"elementor-post__thumbnail__link\" href=\"https:\/\/aguaribay.edu.ar\/escuela\/los-albores-del-crecimiento-y-la-expansion-las-primeras-nuevas-aulas-en-aguaribay\/\" tabindex=\"-1\" ><div class=\"elementor-post__thumbnail\"><img decoding=\"async\" width=\"300\" height=\"168\" src=\"https:\/\/aguaribay.edu.ar\/escuela\/wp-content\/uploads\/2024\/08\/Captura-de-Pantalla-2024-08-01-a-las-09.48.01-copia-300x168.jpg\" class=\"attachment-medium size-medium wp-image-1080\" alt=\"\" srcset=\"https:\/\/aguaribay.edu.ar\/escuela\/wp-content\/uploads\/2024\/08\/Captura-de-Pantalla-2024-08-01-a-las-09.48.01-copia-300x168.jpg 300w, https:\/\/aguaribay.edu.ar\/escuela\/wp-content\/uploads\/2024\/08\/Captura-de-Pantalla-2024-08-01-a-las-09.48.01-copia-1024x575.jpg 1024w, https:\/\/aguaribay.edu.ar\/escuela\/wp-content\/uploads\/2024\/08\/Captura-de-Pantalla-2024-08-01-a-las-09.48.01-copia-768x431.jpg 768w, https:\/\/aguaribay.edu.ar\/escuela\/wp-content\/uploads\/2024\/08\/Captura-de-Pantalla-2024-08-01-a-las-09.48.01-copia-1536x862.jpg 1536w, https:\/\/aguaribay.edu.ar\/escuela\/wp-content\/uploads\/2024\/08\/Captura-de-Pantalla-2024-08-01-a-las-09.48.01-copia.jpg 1970w\" sizes=\"(max-width: 300px) 100vw, 300px\" \/><\/div><\/a>\n\t\t\t\t<div class=\"elementor-post__text\">\n\t\t\t\t<h3 class=\"elementor-post__title\">\n\t\t\t<a href=\"https:\/\/aguaribay.edu.ar\/escuela\/los-albores-del-crecimiento-y-la-expansion-las-primeras-nuevas-aulas-en-aguaribay\/\" >\n\t\t\t\tCrecimiento y expansi\u00f3n con anhelo de futuro\t\t\t<\/a>\n\t\t<\/h3>\n\t\t\t\t<div class=\"elementor-post__excerpt\">\n\t\t\t<p>Desaf\u00edos y gestiones que se transitaron en los albores de la escuela Aguaribay, para llevar adelante el proyecto de crecer espacialmente y as\u00ed poder albergar a mayor cantidad de ni\u00f1eces.<\/p>\n\t\t<\/div>\n\t\t\n\t\t<a class=\"elementor-post__read-more\" href=\"https:\/\/aguaribay.edu.ar\/escuela\/los-albores-del-crecimiento-y-la-expansion-las-primeras-nuevas-aulas-en-aguaribay\/\" aria-label=\"Read more about Crecimiento y expansi\u00f3n con anhelo de futuro\" tabindex=\"-1\" >\n\t\t\tLeer m\u00e1s \u00bb\t\t<\/a>\n\n\t\t\t\t<\/div>\n\t\t\t\t<div class=\"elementor-post__meta-data\">\n\t\t\t\t\t<span class=\"elementor-post-date\">\n\t\t\t1 agosto, 2024\t\t<\/span>\n\t\t\t\t<span class=\"elementor-post-avatar\">\n\t\t\tNo hay comentarios\t\t<\/span>\n\t\t\t\t<\/div>\n\t\t\t\t\t<\/div>\n\t\t<\/article>\n\t\t\t\t<article class=\"elementor-post elementor-grid-item post-1042 post type-post status-publish format-standard has-post-thumbnail hentry category-sin-categoria\" role=\"listitem\">\n\t\t\t<div class=\"elementor-post__card\">\n\t\t\t\t<a class=\"elementor-post__thumbnail__link\" href=\"https:\/\/aguaribay.edu.ar\/escuela\/geometria-magia-y-trabajo-comunitario-dan-a-luz-una-nueva-sala\/\" tabindex=\"-1\" ><div class=\"elementor-post__thumbnail\"><img decoding=\"async\" width=\"300\" height=\"300\" src=\"https:\/\/aguaribay.edu.ar\/escuela\/wp-content\/uploads\/2024\/08\/WhatsApp-Image-2024-07-29-at-21.07.29-1-300x300.jpeg\" class=\"attachment-medium size-medium wp-image-1049\" alt=\"\" srcset=\"https:\/\/aguaribay.edu.ar\/escuela\/wp-content\/uploads\/2024\/08\/WhatsApp-Image-2024-07-29-at-21.07.29-1-300x300.jpeg 300w, https:\/\/aguaribay.edu.ar\/escuela\/wp-content\/uploads\/2024\/08\/WhatsApp-Image-2024-07-29-at-21.07.29-1-150x150.jpeg 150w, https:\/\/aguaribay.edu.ar\/escuela\/wp-content\/uploads\/2024\/08\/WhatsApp-Image-2024-07-29-at-21.07.29-1.jpeg 600w\" sizes=\"(max-width: 300px) 100vw, 300px\" \/><\/div><\/a>\n\t\t\t\t<div class=\"elementor-post__text\">\n\t\t\t\t<h3 class=\"elementor-post__title\">\n\t\t\t<a href=\"https:\/\/aguaribay.edu.ar\/escuela\/geometria-magia-y-trabajo-comunitario-dan-a-luz-una-nueva-sala\/\" >\n\t\t\t\tGeometr\u00eda, magia y trabajo comunitario                 dan a luz una nueva sala\t\t\t<\/a>\n\t\t<\/h3>\n\t\t\t\t<div class=\"elementor-post__excerpt\">\n\t\t\t<p>El pedido de construir una nueva aula para la Escuela Aguaribay surgi\u00f3 una ma\u00f1ana en mi correo y me qued\u00e9 atrapado en la idea, confuso,<\/p>\n\t\t<\/div>\n\t\t\n\t\t<a class=\"elementor-post__read-more\" href=\"https:\/\/aguaribay.edu.ar\/escuela\/geometria-magia-y-trabajo-comunitario-dan-a-luz-una-nueva-sala\/\" aria-label=\"Read more about Geometr\u00eda, magia y trabajo comunitario                 dan a luz una nueva sala\" tabindex=\"-1\" >\n\t\t\tLeer m\u00e1s \u00bb\t\t<\/a>\n\n\t\t\t\t<\/div>\n\t\t\t\t<div class=\"elementor-post__meta-data\">\n\t\t\t\t\t<span class=\"elementor-post-date\">\n\t\t\t1 agosto, 2024\t\t<\/span>\n\t\t\t\t<span class=\"elementor-post-avatar\">\n\t\t\t1 comentario\t\t<\/span>\n\t\t\t\t<\/div>\n\t\t\t\t\t<\/div>\n\t\t<\/article>\n\t\t\t\t<article class=\"elementor-post elementor-grid-item post-986 post type-post status-publish format-standard has-post-thumbnail hentry category-sin-categoria\" role=\"listitem\">\n\t\t\t<div class=\"elementor-post__card\">\n\t\t\t\t<a class=\"elementor-post__thumbnail__link\" href=\"https:\/\/aguaribay.edu.ar\/escuela\/comunidades-biodiversas-paisajismo-y-permacultura-en-la-escuela-aguaribay\/\" tabindex=\"-1\" ><div class=\"elementor-post__thumbnail\"><img loading=\"lazy\" decoding=\"async\" width=\"300\" height=\"300\" src=\"https:\/\/aguaribay.edu.ar\/escuela\/wp-content\/uploads\/2024\/05\/IMG-20240425-WA0027-300x300.jpg\" class=\"attachment-medium size-medium wp-image-963\" alt=\"\" srcset=\"https:\/\/aguaribay.edu.ar\/escuela\/wp-content\/uploads\/2024\/05\/IMG-20240425-WA0027-300x300.jpg 300w, https:\/\/aguaribay.edu.ar\/escuela\/wp-content\/uploads\/2024\/05\/IMG-20240425-WA0027-1024x1024.jpg 1024w, https:\/\/aguaribay.edu.ar\/escuela\/wp-content\/uploads\/2024\/05\/IMG-20240425-WA0027-150x150.jpg 150w, https:\/\/aguaribay.edu.ar\/escuela\/wp-content\/uploads\/2024\/05\/IMG-20240425-WA0027-768x768.jpg 768w, https:\/\/aguaribay.edu.ar\/escuela\/wp-content\/uploads\/2024\/05\/IMG-20240425-WA0027-1536x1536.jpg 1536w, https:\/\/aguaribay.edu.ar\/escuela\/wp-content\/uploads\/2024\/05\/IMG-20240425-WA0027.jpg 1600w\" sizes=\"(max-width: 300px) 100vw, 300px\" \/><\/div><\/a>\n\t\t\t\t<div class=\"elementor-post__text\">\n\t\t\t\t<h3 class=\"elementor-post__title\">\n\t\t\t<a href=\"https:\/\/aguaribay.edu.ar\/escuela\/comunidades-biodiversas-paisajismo-y-permacultura-en-la-escuela-aguaribay\/\" >\n\t\t\t\tComunidades Biodiversas, Paisajismo y Permacultura en la Escuela Aguaribay\t\t\t<\/a>\n\t\t<\/h3>\n\t\t\t\t<div class=\"elementor-post__excerpt\">\n\t\t\t<p>Este espacio de aprendizaje nace a partir de un proyecto de dise\u00f1o participativo del paisaje de la escuela Aguaribay, desarrollado durante 2023, en el marco de los Proyectos de extensi\u00f3n Mauricio L\u00f3pez de la Universidad Nacional de Cuyo. Durante el 2024 nos hemos propuesto materializarlo, a trav\u00e9s del trabajo en jornadas te\u00f3rico-pr\u00e1cticas en las cuales aprendemos sobre un tema y luego nos ponemos en acci\u00f3n.<\/p>\n\t\t<\/div>\n\t\t\n\t\t<a class=\"elementor-post__read-more\" href=\"https:\/\/aguaribay.edu.ar\/escuela\/comunidades-biodiversas-paisajismo-y-permacultura-en-la-escuela-aguaribay\/\" aria-label=\"Read more about Comunidades Biodiversas, Paisajismo y Permacultura en la Escuela Aguaribay\" tabindex=\"-1\" >\n\t\t\tLeer m\u00e1s \u00bb\t\t<\/a>\n\n\t\t\t\t<\/div>\n\t\t\t\t<div class=\"elementor-post__meta-data\">\n\t\t\t\t\t<span class=\"elementor-post-date\">\n\t\t\t28 mayo, 2024\t\t<\/span>\n\t\t\t\t<span class=\"elementor-post-avatar\">\n\t\t\tNo hay comentarios\t\t<\/span>\n\t\t\t\t<\/div>\n\t\t\t\t\t<\/div>\n\t\t<\/article>\n\t\t\t\t<article class=\"elementor-post elementor-grid-item post-751 post type-post status-publish format-standard has-post-thumbnail hentry category-sin-categoria\" role=\"listitem\">\n\t\t\t<div class=\"elementor-post__card\">\n\t\t\t\t<a class=\"elementor-post__thumbnail__link\" href=\"https:\/\/aguaribay.edu.ar\/escuela\/waldorf-una-escuela-en-maipu-que-crece-con-su-particular-forma-de-ensenar\/\" tabindex=\"-1\" ><div class=\"elementor-post__thumbnail\"><img loading=\"lazy\" decoding=\"async\" width=\"300\" height=\"196\" src=\"https:\/\/aguaribay.edu.ar\/escuela\/wp-content\/uploads\/2024\/04\/D3FO6P3RARGZVAJMEJ3RXZ7VIQ.avif\" class=\"attachment-medium size-medium wp-image-752\" alt=\"\" \/><\/div><\/a>\n\t\t\t\t<div class=\"elementor-post__text\">\n\t\t\t\t<h3 class=\"elementor-post__title\">\n\t\t\t<a href=\"https:\/\/aguaribay.edu.ar\/escuela\/waldorf-una-escuela-en-maipu-que-crece-con-su-particular-forma-de-ensenar\/\" >\n\t\t\t\tWaldorf. Una escuela en Maip\u00fa que crece con su particular forma de ense\u00f1ar\t\t\t<\/a>\n\t\t<\/h3>\n\t\t\t\t<div class=\"elementor-post__excerpt\">\n\t\t\t<p>Orientada a este tipo de pedagog\u00eda que naci\u00f3 luego de la Primera Guerra Mundial, el establecimiento se rige a trav\u00e9s de una econom\u00eda fraterna y el aporte familiar a partir de tareas comunitarias y tambi\u00e9n productivas.<\/p>\n\t\t<\/div>\n\t\t\n\t\t<a class=\"elementor-post__read-more\" href=\"https:\/\/aguaribay.edu.ar\/escuela\/waldorf-una-escuela-en-maipu-que-crece-con-su-particular-forma-de-ensenar\/\" aria-label=\"Read more about Waldorf. Una escuela en Maip\u00fa que crece con su particular forma de ense\u00f1ar\" tabindex=\"-1\" >\n\t\t\tLeer m\u00e1s \u00bb\t\t<\/a>\n\n\t\t\t\t<\/div>\n\t\t\t\t<div class=\"elementor-post__meta-data\">\n\t\t\t\t\t<span class=\"elementor-post-date\">\n\t\t\t8 abril, 2024\t\t<\/span>\n\t\t\t\t<span class=\"elementor-post-avatar\">\n\t\t\tNo hay comentarios\t\t<\/span>\n\t\t\t\t<\/div>\n\t\t\t\t\t<\/div>\n\t\t<\/article>\n\t\t\t\t<article class=\"elementor-post elementor-grid-item post-650 post type-post status-publish format-standard has-post-thumbnail hentry category-sin-categoria\" role=\"listitem\">\n\t\t\t<div class=\"elementor-post__card\">\n\t\t\t\t<a class=\"elementor-post__thumbnail__link\" href=\"https:\/\/aguaribay.edu.ar\/escuela\/cual-es-la-importancia-de-crear-escuelas-vitales-en-estos-tiempos\/\" tabindex=\"-1\" ><div class=\"elementor-post__thumbnail\"><img loading=\"lazy\" decoding=\"async\" width=\"300\" height=\"225\" src=\"https:\/\/aguaribay.edu.ar\/escuela\/wp-content\/uploads\/2024\/04\/Imagen-de-WhatsApp-2024-03-26-a-las-14.47.14_82322613-300x225.jpg\" class=\"attachment-medium size-medium wp-image-662\" alt=\"\" srcset=\"https:\/\/aguaribay.edu.ar\/escuela\/wp-content\/uploads\/2024\/04\/Imagen-de-WhatsApp-2024-03-26-a-las-14.47.14_82322613-300x225.jpg 300w, https:\/\/aguaribay.edu.ar\/escuela\/wp-content\/uploads\/2024\/04\/Imagen-de-WhatsApp-2024-03-26-a-las-14.47.14_82322613-1024x768.jpg 1024w, https:\/\/aguaribay.edu.ar\/escuela\/wp-content\/uploads\/2024\/04\/Imagen-de-WhatsApp-2024-03-26-a-las-14.47.14_82322613-768x576.jpg 768w, https:\/\/aguaribay.edu.ar\/escuela\/wp-content\/uploads\/2024\/04\/Imagen-de-WhatsApp-2024-03-26-a-las-14.47.14_82322613-1536x1152.jpg 1536w, https:\/\/aguaribay.edu.ar\/escuela\/wp-content\/uploads\/2024\/04\/Imagen-de-WhatsApp-2024-03-26-a-las-14.47.14_82322613.jpg 1600w\" sizes=\"(max-width: 300px) 100vw, 300px\" \/><\/div><\/a>\n\t\t\t\t<div class=\"elementor-post__text\">\n\t\t\t\t<h3 class=\"elementor-post__title\">\n\t\t\t<a href=\"https:\/\/aguaribay.edu.ar\/escuela\/cual-es-la-importancia-de-crear-escuelas-vitales-en-estos-tiempos\/\" >\n\t\t\t\t\u00bfCu\u00e1l es la importancia <br>de crear escuelas vitales <br>en estos tiempos?\t\t\t<\/a>\n\t\t<\/h3>\n\t\t\t\t<div class=\"elementor-post__excerpt\">\n\t\t\t<p>Las escuelas en su confecci\u00f3n son espacios et\u00e9ricos y vitales. No s\u00f3lo f\u00edsicas en su construcci\u00f3n, sino que en esta \u00e9poca su armado y arquitectura dependen de la vital relaci\u00f3n entre las partes de quienes la integran.<\/p>\n\t\t<\/div>\n\t\t\n\t\t<a class=\"elementor-post__read-more\" href=\"https:\/\/aguaribay.edu.ar\/escuela\/cual-es-la-importancia-de-crear-escuelas-vitales-en-estos-tiempos\/\" aria-label=\"Read more about \u00bfCu\u00e1l es la importancia &lt;br&gt;de crear escuelas vitales &lt;br&gt;en estos tiempos?\" tabindex=\"-1\" >\n\t\t\tLeer m\u00e1s \u00bb\t\t<\/a>\n\n\t\t\t\t<\/div>\n\t\t\t\t<div class=\"elementor-post__meta-data\">\n\t\t\t\t\t<span class=\"elementor-post-date\">\n\t\t\t1 abril, 2024\t\t<\/span>\n\t\t\t\t<span class=\"elementor-post-avatar\">\n\t\t\tNo hay comentarios\t\t<\/span>\n\t\t\t\t<\/div>\n\t\t\t\t\t<\/div>\n\t\t<\/article>\n\t\t\t\t<\/div>\n\t\t\n\t\t\t\t\t\t<\/div>\n\t\t\t\t<\/div>\n\t\t\t\t\t<\/div>\n\t\t\t\t<\/div>\n\t\t\t\t\t<\/div>\n\t\t\t\t<\/div>\n\t\t\t\t<\/div>\n\t\t","protected":false},"excerpt":{"rendered":"<p>blog<\/p>\n","protected":false},"author":2,"featured_media":0,"parent":0,"menu_order":0,"comment_status":"closed","ping_status":"closed","template":"","meta":{"_acf_changed":false,"footnotes":""},"class_list":["post-645","page","type-page","status-publish","hentry"],"acf":[],"yoast_head":"<!-- This site is optimized with the Yoast SEO plugin v27.0 - https:\/\/yoast.com\/product\/yoast-seo-wordpress\/ -->\n<title>Blog - Escuela Aguaribay<\/title>\n<meta name=\"robots\" content=\"index, follow, max-snippet:-1, max-image-preview:large, max-video-preview:-1\" \/>\n<link rel=\"canonical\" href=\"https:\/\/aguaribay.edu.ar\/escuela\/blog\/\" \/>\n<meta property=\"og:locale\" content=\"es_ES\" \/>\n<meta property=\"og:type\" content=\"article\" \/>\n<meta property=\"og:title\" content=\"Blog - Escuela Aguaribay\" \/>\n<meta property=\"og:description\" content=\"blog\" \/>\n<meta property=\"og:url\" content=\"https:\/\/aguaribay.edu.ar\/escuela\/blog\/\" \/>\n<meta property=\"og:site_name\" content=\"Escuela Aguaribay\" \/>\n<meta property=\"article:modified_time\" content=\"2024-08-01T13:40:32+00:00\" \/>\n<meta name=\"twitter:card\" content=\"summary_large_image\" \/>\n<meta name=\"twitter:label1\" content=\"Tiempo de lectura\" \/>\n\t<meta name=\"twitter:data1\" content=\"4 minutos\" \/>\n<script type=\"application\/ld+json\" class=\"yoast-schema-graph\">{\"@context\":\"https:\/\/schema.org\",\"@graph\":[{\"@type\":\"WebPage\",\"@id\":\"https:\/\/aguaribay.edu.ar\/escuela\/blog\/\",\"url\":\"https:\/\/aguaribay.edu.ar\/escuela\/blog\/\",\"name\":\"Blog - Escuela Aguaribay\",\"isPartOf\":{\"@id\":\"https:\/\/aguaribay.edu.ar\/escuela\/#website\"},\"datePublished\":\"2024-04-01T14:13:14+00:00\",\"dateModified\":\"2024-08-01T13:40:32+00:00\",\"inLanguage\":\"es\",\"potentialAction\":[{\"@type\":\"ReadAction\",\"target\":[\"https:\/\/aguaribay.edu.ar\/escuela\/blog\/\"]}]},{\"@type\":\"WebSite\",\"@id\":\"https:\/\/aguaribay.edu.ar\/escuela\/#website\",\"url\":\"https:\/\/aguaribay.edu.ar\/escuela\/\",\"name\":\"Escuela Aguaribay\",\"description\":\"Sitio institucional Escuela Aguaribay\",\"publisher\":{\"@id\":\"https:\/\/aguaribay.edu.ar\/escuela\/#organization\"},\"potentialAction\":[{\"@type\":\"SearchAction\",\"target\":{\"@type\":\"EntryPoint\",\"urlTemplate\":\"https:\/\/aguaribay.edu.ar\/escuela\/?s={search_term_string}\"},\"query-input\":{\"@type\":\"PropertyValueSpecification\",\"valueRequired\":true,\"valueName\":\"search_term_string\"}}],\"inLanguage\":\"es\"},{\"@type\":\"Organization\",\"@id\":\"https:\/\/aguaribay.edu.ar\/escuela\/#organization\",\"name\":\"Escuela Aguaribay\",\"url\":\"https:\/\/aguaribay.edu.ar\/escuela\/\",\"logo\":{\"@type\":\"ImageObject\",\"inLanguage\":\"es\",\"@id\":\"https:\/\/aguaribay.edu.ar\/escuela\/#\/schema\/logo\/image\/\",\"url\":\"https:\/\/aguaribay.edu.ar\/escuela\/wp-content\/uploads\/2023\/09\/Logo-aguaribay.png\",\"contentUrl\":\"https:\/\/aguaribay.edu.ar\/escuela\/wp-content\/uploads\/2023\/09\/Logo-aguaribay.png\",\"width\":500,\"height\":500,\"caption\":\"Escuela Aguaribay\"},\"image\":{\"@id\":\"https:\/\/aguaribay.edu.ar\/escuela\/#\/schema\/logo\/image\/\"},\"sameAs\":[\"https:\/\/www.instagram.com\/escuela_aguaribay\/?hl=es-la\"]}]}<\/script>\n<!-- \/ Yoast SEO plugin. -->","yoast_head_json":{"title":"Blog - Escuela Aguaribay","robots":{"index":"index","follow":"follow","max-snippet":"max-snippet:-1","max-image-preview":"max-image-preview:large","max-video-preview":"max-video-preview:-1"},"canonical":"https:\/\/aguaribay.edu.ar\/escuela\/blog\/","og_locale":"es_ES","og_type":"article","og_title":"Blog - Escuela Aguaribay","og_description":"blog","og_url":"https:\/\/aguaribay.edu.ar\/escuela\/blog\/","og_site_name":"Escuela Aguaribay","article_modified_time":"2024-08-01T13:40:32+00:00","twitter_card":"summary_large_image","twitter_misc":{"Tiempo de lectura":"4 minutos"},"schema":{"@context":"https:\/\/schema.org","@graph":[{"@type":"WebPage","@id":"https:\/\/aguaribay.edu.ar\/escuela\/blog\/","url":"https:\/\/aguaribay.edu.ar\/escuela\/blog\/","name":"Blog - Escuela Aguaribay","isPartOf":{"@id":"https:\/\/aguaribay.edu.ar\/escuela\/#website"},"datePublished":"2024-04-01T14:13:14+00:00","dateModified":"2024-08-01T13:40:32+00:00","inLanguage":"es","potentialAction":[{"@type":"ReadAction","target":["https:\/\/aguaribay.edu.ar\/escuela\/blog\/"]}]},{"@type":"WebSite","@id":"https:\/\/aguaribay.edu.ar\/escuela\/#website","url":"https:\/\/aguaribay.edu.ar\/escuela\/","name":"Escuela Aguaribay","description":"Sitio institucional Escuela Aguaribay","publisher":{"@id":"https:\/\/aguaribay.edu.ar\/escuela\/#organization"},"potentialAction":[{"@type":"SearchAction","target":{"@type":"EntryPoint","urlTemplate":"https:\/\/aguaribay.edu.ar\/escuela\/?s={search_term_string}"},"query-input":{"@type":"PropertyValueSpecification","valueRequired":true,"valueName":"search_term_string"}}],"inLanguage":"es"},{"@type":"Organization","@id":"https:\/\/aguaribay.edu.ar\/escuela\/#organization","name":"Escuela Aguaribay","url":"https:\/\/aguaribay.edu.ar\/escuela\/","logo":{"@type":"ImageObject","inLanguage":"es","@id":"https:\/\/aguaribay.edu.ar\/escuela\/#\/schema\/logo\/image\/","url":"https:\/\/aguaribay.edu.ar\/escuela\/wp-content\/uploads\/2023\/09\/Logo-aguaribay.png","contentUrl":"https:\/\/aguaribay.edu.ar\/escuela\/wp-content\/uploads\/2023\/09\/Logo-aguaribay.png","width":500,"height":500,"caption":"Escuela Aguaribay"},"image":{"@id":"https:\/\/aguaribay.edu.ar\/escuela\/#\/schema\/logo\/image\/"},"sameAs":["https:\/\/www.instagram.com\/escuela_aguaribay\/?hl=es-la"]}]}},"_links":{"self":[{"href":"https:\/\/aguaribay.edu.ar\/escuela\/wp-json\/wp\/v2\/pages\/645","targetHints":{"allow":["GET"]}}],"collection":[{"href":"https:\/\/aguaribay.edu.ar\/escuela\/wp-json\/wp\/v2\/pages"}],"about":[{"href":"https:\/\/aguaribay.edu.ar\/escuela\/wp-json\/wp\/v2\/types\/page"}],"author":[{"embeddable":true,"href":"https:\/\/aguaribay.edu.ar\/escuela\/wp-json\/wp\/v2\/users\/2"}],"replies":[{"embeddable":true,"href":"https:\/\/aguaribay.edu.ar\/escuela\/wp-json\/wp\/v2\/comments?post=645"}],"version-history":[{"count":25,"href":"https:\/\/aguaribay.edu.ar\/escuela\/wp-json\/wp\/v2\/pages\/645\/revisions"}],"predecessor-version":[{"id":1086,"href":"https:\/\/aguaribay.edu.ar\/escuela\/wp-json\/wp\/v2\/pages\/645\/revisions\/1086"}],"wp:attachment":[{"href":"https:\/\/aguaribay.edu.ar\/escuela\/wp-json\/wp\/v2\/media?parent=645"}],"curies":[{"name":"wp","href":"https:\/\/api.w.org\/{rel}","templated":true}]}}